actor of p and 35?
7
Let m be 1/3*0 - (-3 - 678). Suppose 0 = 23*q + m - 2245. Calculate the highest common factor of 51 and q.
17
Let a(d) = -2*d + 7. Let p be a(-7). Suppose 340*z - 672*z = -352*z + 240. What is the highest common divisor of p and z?
3
Let y = -25 - -79. Suppose -3*a = 5*j - 709, 0 = a - 4*j - 200 - 59. Calculate the highest common factor of y and a.
27
Let w be (-69601)/183*10/(-14) - (-2)/6. Calculate the highest common factor of 432 and w.
16
Suppose 57 = -4*s + 21. Let j(f) = -5. Let x(m) = -m - 1. Let i(c) = j(c) + 5*x(c). Let y be i(s). What is the highest common divisor of 7 and y?
7
Suppose 4*w + 3*o + 60 = 169, 3*w = -4*o + 80. Let u be (36/42)/(2/w + 0). What is the greatest common factor of u and 162?
6
Suppose t + 29 = 2*x, -t = 4*x - 20 - 41. Suppose 4*h - x = 1. Let m = 42 + -38. What is the greatest common divisor of h and m?
4
Let t be (78456/35)/8 - 3/15. What is the highest common divisor of 580 and t?
20
Suppose -4*b = 3*s - 672, -3*s + 4*b + 648 = -0*b. Let t(v) = -1174*v + 1194. Let q be t(1). Calculate the greatest common divisor of s and q.
20
Suppose 0 = -4*d - 12, 11 = -3*f - 2*d + 65. Let h = -251 + 851. What is the greatest common divisor of h and f?
20
Let s = -15110 + 15180. Calculate the highest common divisor of s and 280.
70
Let j be (157 - 166)*(-152)/2. What is the greatest common divisor of 27 and j?
9
Let z be (528/297 - (3 - 29/9)) + 21. Calculate the greatest common divisor of z and 49.
1
Suppose -97 = -3*t + 5*j + 198, 4*t = 4*j + 388. Calculate the highest common factor of t and 295.
5
Let y = 6 - -243. Let h = 273 - y. What is the highest common divisor of h and 60?
12
Suppose -17*s = 646 + 34. Let p = 56 + s. What is the greatest common divisor of 40 and p?
8
Let y(u) = 7*u**3 - 45*u + 226. Let k be y(8). What is the highest common factor of 1200 and k?
150
Let j be (3 - 0)*2/3. Suppose -3*r - j*r = -75. Suppose -314*k = -278*k - 1620. Calculate the highest common divisor of k and r.
15
Let m(b) = b**2 - 31*b - 99. Let y be m(-16). What is the greatest common divisor of 1 and y?
1
Let m be (-5 + 3)/((-2)/3) + -3. Suppose -4*x = 5*j - 364, j - x - 2*x - 88 = m. What is the greatest common divisor of j and 57?
19
Let s = -2668 + 2791. Calculate the greatest common factor of 1927 and s.
41
Let h(n) = 89*n**2 + 3*n + 1. Let m be h(-1). What is the greatest common divisor of m and 464?
29
Let z = -23 + 30. Let u(y) = -5*y - 10. Let g be u(-9). Suppose -l - 4 = 0, l - g = 4*i - 123. What is the greatest common divisor of z and i?
7
Let c(x) = x**2 + 5*x + 3. Let u be c(-4). Let d be 7 - (-6 - (u + 7)). What is the greatest common factor of d and 57?
19
Suppose -2*q - 27 = -3*q. Let r = -17 + q. What is the highest common factor of 20 and r?
10
Let m be (109/3)/((-73)/(-1971)). What is the greatest common factor of 3 and m?
3
Suppose 8*b - 83 = 3*b + 4*f, -5*f = 4*b - 50. Let x(l) = 28*l + 98. Let q be x(b). What is the highest common divisor of q and 148?
74
Suppose 0 = -22*p - 164 + 1858. What is the highest common divisor of p and 49?
7
Let y = -15940 - -17460. What is the highest common divisor of y and 270?
10
Suppose -11*c = -67*c + 4*c + 1508. Calculate the highest common divisor of 319 and c.
29
Let o(z) = -21*z - 18. Let x be o(-6). Let q(g) = 10*g**2 - 2*g. Let a be q(2). What is the greatest common factor of a and x?
36
Let b = 25 + -21. Let c = 23 - 14. Suppose -2*d = j - 54, b*j = -1 + c. Calculate the highest common divisor of 52 and d.
26
Let h = 8 - -7. Let g(n) = -n**2 + 18*n - 25. Let l be g(h). Suppose -6*q = -7*q + 30. What is the greatest common factor of q and l?
10
Let j be (2 - -1)/(129/7181). Suppose 0 = -8*z - j + 791. Calculate the greatest common divisor of z and 130.
26
Let v be 9 + (-2)/(-4) + (-1635)/218. Let m = 1 - 0. Let c(s) = s. Let x be c(m). Calculate the greatest common factor of x and v.
1
Suppose 2*l = l - 5*j + 90, 4*j = 16. Let w = l - 65. Suppose 0*z + 10 = w*z. What is the highest common factor of z and 14?
2
Let x(i) = -41*i + 236. Let u be x(16). Let t = u - -596. What is the highest common factor of 44 and t?
44
Suppose 2*s - 571 = -5*m, -7*m - s = -9*m + 232. Suppose f + 10 = 3*f. What is the highest common divisor of f and m?
5
Let g(d) = d**3 - 10*d**2 + 152*d - 30. Let r be g(16). Calculate the greatest common divisor of r and 66.
22
Let v(q) = 103*q**2 + 23*q - 28. Let h be v(2). What is the greatest common divisor of 20 and h?
10
Let i = 10 - 21. Let x(a) = a + 19. Let y be x(i). Let q = 132 - 92. What is the highest common divisor of q and y?
8
Let m be -3*(-31)/((-2)/66*-3). Calculate the highest common divisor of 930 and m.
93
Let v be 30/1*(-1)/(-2). Let j(u) = 72*u + 7203. Let y be j(-99). What is the highest common factor of v and y?
15
Let u be (35/35)/(1*2/10). Suppose -5*b + 4 = 2*g - 62, 142 = u*g + b. Calculate the greatest common divisor of g and 140.
28
Let j = 4658 - 4449. What is the highest common divisor of 198 and j?
11
Suppose 242*i + 2 = 240*i. Let t be i + 109 + (-1 - 2). Calculate the highest common factor of 60 and t.
15
Let k = 3526 + -3511. Calculate the highest common divisor of k and 465.
15
Let j = 92 - 64. Suppose -29*t - j = -36*t. Calculate the highest common factor of t and 16.
4
Let f be 1962/4*(-16)/24*-25. What is the greatest common factor of f and 75?
75
Let d = -303 - -571. Suppose -4*z - 4*s = -d, -4*s = 4 - 20. What is the greatest common divisor of 27 and z?
9
Suppose 11*a + 25 = -63. Let i = 24 - a. What is the greatest common factor of i and 144?
16
Suppose 45*n - 46*n = -3. Suppose -2*g = -0*g - 5*c - 39, 0 = 3*g + n*c - 90. What is the highest common factor of 351 and g?
27
Let l be -2 - 5 - (-62 - 8). What is the greatest common divisor of 5943 and l?
21
Let v = 66 - 70. Let x(f) = 2*f**2 + 5*f + 5. Let u be x(v). Suppose -6*k + 18 - 12 = 0. Calculate the highest common divisor of u and k.
1
Let s = -4177 + 4184. Calculate the greatest common divisor of s and 77.
7
Suppose 0*l = 5*l - 2*r - 252, l = 2*r + 52. Let j(k) = -801*k**3 + 2*k**2 + 92*k + 89. Let h be j(-1). Calculate the greatest common factor of l and h.
50
Let j(z) = -2*z**2 + 34*z + 80. Let c be j(18). Let d be 22*3*(-44)/(-6). Calculate the highest common factor of c and d.
44
Suppose 191 + 202 = -4*a - w, 0 = -w + 3. Let x = a + 132. What is the highest common factor of 88 and x?
11
Let i = -84 + 109. Calculate the highest common factor of i and 2900.
25
Let m be (4/10)/(-1) + 628/(-5). Let s = m + 129. Calculate the highest common divisor of s and 3.
3
Suppose 3*g = -3*b + 5544, 40*b = -2*g + 44*b + 3732. What is the highest common factor of 144 and g?
18
Let z = -6374 + 7238. Calculate the highest common factor of 160 and z.
32
Suppose -203*a + 1122 = -189*a - 6816. Calculate the greatest common factor of a and 7.
7
Let w(p) = -p**2 + 11*p + 14. Suppose -6*c = -9*c + 36. Let u be w(c). Calculate the highest common divisor of u and 14.
2
Let z = 194 - -455. Suppose 2*b - 4*a = 38, -3*b - 2*a - a + 21 = 0. Calculate the highest common divisor of b and z.
11
Let v = -219 + 222. Suppose 0 = 3*x - 2*p - 40, v*x + 5*p - 50 = -2*x. What is the greatest common divisor of x and 28?
4
Suppose -4*m = 3 + 5, 2*j = -m + 100. Let o = 54 - j. Suppose 63 = -o*f + 12*f. What is the greatest common divisor of f and 63?
7
Suppose -773386 - 1433976 = -234*p + 254318. Calculate the highest common divisor of 40 and p.
40
Let t(h) = 7*h - 130. Let g be t(19). Let v(n) = 19*n. Let f be v(g). Calculate the highest common factor of 38 and f.
19
Let t = 486 + -850. Let z = 367 + t. What is the greatest common divisor of z and 7?
1
Let y = 35 + 222. Calculate the highest common factor of y and 1.
1
Let t = -5187 + 5193. Let k be 1/(0 + -1) + 4. Suppose -z - 2*b = -t, k*z - 3*b = -z + 24. What is the greatest common divisor of z and 42?
6
Let p = -10371 + 10434. What is the greatest common divisor of 1743 and p?
21
Let d be 5/(75/6)*315. Suppose -5*h + 89 + 51 = 0. What is the greatest common factor of d and h?
14
Let s(b) = -7*b**3 - 48*b**2 - b + 4. Let a be s(-10). Calculate the highest common divisor of 82 and a.
82
Let v(d) = d**2 - 5*d. Let i be v(5). Suppose -5*c + 0 + 60 = i. Let t(n) = 2*n**2 - 19*n + 24. Let o be t(c). Calculate the highes